{"id":222,"date":"2025-12-15T21:39:14","date_gmt":"2025-12-15T20:39:14","guid":{"rendered":"https:\/\/zirkum.ch\/?page_id=222"},"modified":"2026-04-05T17:13:03","modified_gmt":"2026-04-05T15:13:03","slug":"zimmer","status":"publish","type":"page","link":"https:\/\/zirkum.ch\/?page_id=222","title":{"rendered":"Zimmer"},"content":{"rendered":"<div data-colibri-id=\"222-c1\" class=\"style-184 style-local-222-c1 position-relative\">\n  <!---->\n  <div data-colibri-component=\"section\" data-colibri-id=\"222-c2\" id=\"content\" class=\"h-section h-section-global-spacing d-flex align-items-lg-center align-items-md-center align-items-center style-185 style-local-222-c2 position-relative\">\n    <!---->\n    <!---->\n    <div class=\"h-section-grid-container h-section-fluid-container\">\n      <!---->\n      <div data-colibri-id=\"222-c3\" class=\"h-row-container gutters-row-lg-0 gutters-row-md-0 gutters-row-2 gutters-row-v-lg-0 gutters-row-v-md-0 gutters-row-v-2 style-186 style-local-222-c3 position-relative\">\n        <!---->\n        <div class=\"h-row justify-content-lg-center justify-content-md-center justify-content-center align-items-lg-stretch align-items-md-stretch align-items-stretch gutters-col-lg-0 gutters-col-md-0 gutters-col-2 gutters-col-v-lg-0 gutters-col-v-md-0 gutters-col-v-2\">\n          <!---->\n          <div class=\"h-column h-column-container d-flex h-col-lg-6 h-col-md-6 h-col-12 style-187-outer style-local-222-c4-outer\">\n            <div data-colibri-id=\"222-c4\" class=\"d-flex h-flex-basis h-column__inner h-px-lg-0 h-px-md-0 h-px-0 v-inner-lg-0 v-inner-md-0 v-inner-0 style-187 style-local-222-c4 position-relative\">\n              <!---->\n              <!---->\n              <div class=\"w-100 h-y-container h-column__content h-column__v-align flex-basis-100 align-self-lg-start align-self-md-start align-self-start\">\n                <!---->\n                <div data-colibri-id=\"222-c5\" class=\"h-global-transition-all h-heading style-188 style-local-222-c5 position-relative h-element\">\n                  <!---->\n                  <div class=\"h-heading__outer style-188 style-local-222-c5\">\n                    <!---->\n                    <!---->\n                    <h4 class=\"\"><\/h4>\n                  <\/div>\n                <\/div>\n                <div data-colibri-id=\"222-c6\" class=\"h-global-transition-all h-heading style-189 style-local-222-c6 position-relative h-element\">\n                  <!---->\n                  <div class=\"h-heading__outer style-189 style-local-222-c6\">\n                    <!---->\n                    <!---->\n                    <h2 class=\"\">Emmenbr\u00fccke, Zimmer 2<\/h2>\n                  <\/div>\n                <\/div>\n                <div data-colibri-id=\"222-c7\" class=\"h-text h-text-component style-190 style-local-222-c7 position-relative h-element\">\n                  <!---->\n                  <!---->\n                  <div class=\"\"><\/div>\n                <\/div>\n                <div data-colibri-id=\"222-c8\" class=\"h-row-container gutters-row-lg-2 gutters-row-md-2 gutters-row-0 gutters-row-v-lg-2 gutters-row-v-md-2 gutters-row-v-0 style-191 style-local-222-c8 position-relative\">\n                  <!---->\n                  <div class=\"h-row justify-content-lg-center justify-content-md-center justify-content-center align-items-lg-stretch align-items-md-stretch align-items-stretch gutters-col-lg-2 gutters-col-md-2 gutters-col-0 gutters-col-v-lg-2 gutters-col-v-md-2 gutters-col-v-0\">\n                    <!---->\n                    <div class=\"h-column h-column-container d-flex h-col-lg-6 h-col-md-6 h-col-6 style-192-outer style-local-222-c9-outer\">\n                      <div data-colibri-id=\"222-c9\" class=\"d-flex h-flex-basis h-column__inner h-px-lg-0 h-px-md-0 h-px-0 v-inner-lg-0 v-inner-md-0 v-inner-0 style-192 style-local-222-c9 position-relative\">\n                        <!---->\n                        <!---->\n                        <div class=\"w-100 h-y-container h-column__content h-column__v-align flex-basis-100 align-self-lg-start align-self-md-start align-self-start\">\n                          <!---->\n                          <div data-colibri-id=\"222-c10\" class=\"h-global-transition-all h-heading style-193 style-local-222-c10 position-relative h-element\">\n                            <!---->\n                            <div class=\"h-heading__outer style-193 style-local-222-c10\">\n                              <!---->\n                              <!---->\n                              <h5 class=\"\"><\/h5>\n                            <\/div>\n                          <\/div>\n                          <div data-colibri-id=\"222-c11\" class=\"h-text h-text-component style-194 style-local-222-c11 position-relative h-element\">\n                            <!---->\n                            <!---->\n                            <div class=\"\"><\/div>\n                          <\/div>\n                        <\/div>\n                      <\/div>\n                    <\/div>\n                    <div class=\"h-column h-column-container d-flex h-col-lg-6 h-col-md-6 h-col-6 style-192-outer style-local-222-c12-outer\">\n                      <div data-colibri-id=\"222-c12\" class=\"d-flex h-flex-basis h-column__inner h-px-lg-0 h-px-md-0 h-px-0 v-inner-lg-0 v-inner-md-0 v-inner-0 style-192 style-local-222-c12 position-relative\">\n                        <!---->\n                        <!---->\n                        <div class=\"w-100 h-y-container h-column__content h-column__v-align flex-basis-100 align-self-lg-start align-self-md-start align-self-start\">\n                          <!---->\n                          <div data-colibri-id=\"222-c13\" class=\"h-global-transition-all h-heading style-193 style-local-222-c13 position-relative h-element\">\n                            <!---->\n                            <div class=\"h-heading__outer style-193 style-local-222-c13\">\n                              <!---->\n                              <!---->\n                              <h5 class=\"\"><\/h5>\n                            <\/div>\n                          <\/div>\n                          <div data-colibri-id=\"222-c14\" class=\"h-text h-text-component style-194 style-local-222-c14 position-relative h-element\">\n                            <!---->\n                            <!---->\n                            <div class=\"\"><\/div>\n                          <\/div>\n                        <\/div>\n                      <\/div>\n                    <\/div>\n                    <div class=\"h-column h-column-container d-flex h-col-lg-6 h-col-md-6 h-col-6 style-192-outer style-local-222-c15-outer\">\n                      <div data-colibri-id=\"222-c15\" class=\"d-flex h-flex-basis h-column__inner h-ui-empty-state-container h-px-lg-0 h-px-md-0 h-px-0 v-inner-lg-0 v-inner-md-0 v-inner-0 style-192 style-local-222-c15 position-relative\">\n                        <!---->\n                        <!---->\n                        <div class=\"w-100 h-y-container h-column__content h-column__v-align flex-basis-100\">\n                          <!---->\n                        <\/div>\n                      <\/div>\n                    <\/div>\n                    <div class=\"h-column h-column-container d-flex h-col-lg-6 h-col-md-6 h-col-6 style-192-outer style-local-222-c16-outer\">\n                      <div data-colibri-id=\"222-c16\" class=\"d-flex h-flex-basis h-column__inner h-ui-empty-state-container h-px-lg-0 h-px-md-0 h-px-0 v-inner-lg-0 v-inner-md-0 v-inner-0 style-192 style-local-222-c16 position-relative\">\n                        <!---->\n                        <!---->\n                        <div class=\"w-100 h-y-container h-column__content h-column__v-align flex-basis-100\">\n                          <!---->\n                        <\/div>\n                      <\/div>\n                    <\/div>\n                  <\/div>\n                <\/div>\n              <\/div>\n            <\/div>\n          <\/div>\n          <div class=\"h-column h-column-container d-flex h-col-lg-6 h-col-md-6 h-col-12 style-195-outer style-local-222-c17-outer\">\n            <div data-colibri-id=\"222-c17\" class=\"d-flex h-flex-basis h-column__inner h-ui-empty-state-container h-px-lg-0 h-px-md-0 h-px-0 v-inner-lg-0 v-inner-md-0 v-inner-0 style-195 style-local-222-c17 position-relative\">\n              <!---->\n              <!---->\n              <div class=\"w-100 h-y-container h-column__content h-column__v-align flex-basis-100\">\n                <!---->\n              <\/div>\n            <\/div>\n          <\/div>\n        <\/div>\n      <\/div>\n    <\/div>\n  <\/div>\n  <div data-colibri-component=\"section\" data-colibri-id=\"222-c18\" id=\"content-2\" class=\"h-section h-section-global-spacing d-flex align-items-lg-center align-items-md-center align-items-center style-196 style-local-222-c18 h-overflow-hidden position-relative\">\n    <!---->\n    <!---->\n    <div class=\"h-section-grid-container h-section-fluid-container\">\n      <!---->\n      <div data-colibri-id=\"222-c19\" class=\"h-row-container gutters-row-lg-0 gutters-row-md-0 gutters-row-2 gutters-row-v-lg-0 gutters-row-v-md-0 gutters-row-v-2 style-197 style-local-222-c19 position-relative\">\n        <!---->\n        <div class=\"h-row justify-content-lg-center justify-content-md-center justify-content-center align-items-lg-stretch align-items-md-stretch align-items-stretch gutters-col-lg-0 gutters-col-md-0 gutters-col-2 gutters-col-v-lg-0 gutters-col-v-md-0 gutters-col-v-2\">\n          <!---->\n          <div class=\"h-column h-column-container d-flex h-col-lg-6 h-col-md-6 h-col-12 style-198-outer style-local-222-c20-outer\">\n            <div data-colibri-id=\"222-c20\" class=\"d-flex h-flex-basis h-column__inner h-ui-empty-state-container h-px-lg-0 h-px-md-0 h-px-0 v-inner-lg-0 v-inner-md-0 v-inner-0 style-198 style-local-222-c20 position-relative\">\n              <!---->\n              <!---->\n              <div class=\"w-100 h-y-container h-column__content h-column__v-align flex-basis-100\">\n                <!---->\n              <\/div>\n            <\/div>\n          <\/div>\n          <div class=\"h-column h-column-container d-flex h-col-lg-6 h-col-md-6 h-col-12 style-199-outer style-local-222-c21-outer\">\n            <div data-colibri-id=\"222-c21\" class=\"d-flex h-flex-basis h-column__inner h-px-lg-0 h-px-md-0 h-px-0 v-inner-lg-0 v-inner-md-0 v-inner-0 style-199 style-local-222-c21 position-relative\">\n              <!---->\n              <!---->\n              <div class=\"w-100 h-y-container h-column__content h-column__v-align flex-basis-100 align-self-lg-start align-self-md-start align-self-start\">\n                <!---->\n                <div data-colibri-id=\"222-c22\" class=\"h-global-transition-all h-heading style-200 style-local-222-c22 position-relative h-element\">\n                  <!---->\n                  <div class=\"h-heading__outer style-200 style-local-222-c22\">\n                    <!---->\n                    <!---->\n                    <h4 class=\"\"><\/h4>\n                  <\/div>\n                <\/div>\n                <div data-colibri-id=\"222-c23\" class=\"h-global-transition-all h-heading style-201 style-local-222-c23 position-relative h-element\">\n                  <!---->\n                  <div class=\"h-heading__outer style-201 style-local-222-c23\">\n                    <!---->\n                    <!---->\n                    <h2 class=\"\">Emmenbr\u00fccke, Zimmer 3<\/h2>\n                  <\/div>\n                <\/div>\n                <div data-colibri-id=\"222-c24\" class=\"h-text h-text-component style-202 style-local-222-c24 position-relative h-element\">\n                  <!---->\n                  <!---->\n                  <div class=\"\"><\/div>\n                <\/div>\n                <div data-colibri-id=\"222-c25\" class=\"h-row-container gutters-row-lg-2 gutters-row-md-2 gutters-row-0 gutters-row-v-lg-2 gutters-row-v-md-2 gutters-row-v-0 style-203 style-local-222-c25 position-relative\">\n                  <!---->\n                  <div class=\"h-row justify-content-lg-center justify-content-md-center justify-content-center align-items-lg-stretch align-items-md-stretch align-items-stretch gutters-col-lg-2 gutters-col-md-2 gutters-col-0 gutters-col-v-lg-2 gutters-col-v-md-2 gutters-col-v-0\">\n                    <!---->\n                    <div class=\"h-column h-column-container d-flex h-col-lg-6 h-col-md-6 h-col-6 style-204-outer style-local-222-c26-outer\">\n                      <div data-colibri-id=\"222-c26\" class=\"d-flex h-flex-basis h-column__inner h-px-lg-0 h-px-md-0 h-px-2 v-inner-lg-0 v-inner-md-0 v-inner-2 style-204 style-local-222-c26 position-relative\">\n                        <!---->\n                        <!---->\n                        <div class=\"w-100 h-y-container h-column__content h-column__v-align flex-basis-100 align-self-lg-start align-self-md-start align-self-start\">\n                          <!---->\n                          <div data-colibri-id=\"222-c27\" class=\"h-global-transition-all h-heading style-205 style-local-222-c27 position-relative h-element\">\n                            <!---->\n                            <div class=\"h-heading__outer style-205 style-local-222-c27\">\n                              <!---->\n                              <!---->\n                              <h5 class=\"\"><\/h5>\n                            <\/div>\n                          <\/div>\n                          <div data-colibri-id=\"222-c28\" class=\"h-text h-text-component style-206 style-local-222-c28 position-relative h-element\">\n                            <!---->\n                            <!---->\n                            <div class=\"\"><\/div>\n                          <\/div>\n                        <\/div>\n                      <\/div>\n                    <\/div>\n                    <div class=\"h-column h-column-container d-flex h-col-lg-6 h-col-md-6 h-col-6 style-204-outer style-local-222-c29-outer\">\n                      <div data-colibri-id=\"222-c29\" class=\"d-flex h-flex-basis h-column__inner h-px-lg-0 h-px-md-0 h-px-2 v-inner-lg-0 v-inner-md-0 v-inner-2 style-204 style-local-222-c29 position-relative\">\n                        <!---->\n                        <!---->\n                        <div class=\"w-100 h-y-container h-column__content h-column__v-align flex-basis-100 align-self-lg-start align-self-md-start align-self-start\">\n                          <!---->\n                          <div data-colibri-id=\"222-c30\" class=\"h-global-transition-all h-heading style-205 style-local-222-c30 position-relative h-element\">\n                            <!---->\n                            <div class=\"h-heading__outer style-205 style-local-222-c30\">\n                              <!---->\n                              <!---->\n                              <h5 class=\"\"><\/h5>\n                            <\/div>\n                          <\/div>\n                          <div data-colibri-id=\"222-c31\" class=\"h-text h-text-component style-206 style-local-222-c31 position-relative h-element\">\n                            <!---->\n                            <!---->\n                            <div class=\"\"><\/div>\n                          <\/div>\n                        <\/div>\n                      <\/div>\n                    <\/div>\n                    <div class=\"h-column h-column-container d-flex h-col-lg-6 h-col-md-6 h-col-6 style-204-outer style-local-222-c32-outer\">\n                      <div data-colibri-id=\"222-c32\" class=\"d-flex h-flex-basis h-column__inner h-ui-empty-state-container h-px-lg-0 h-px-md-0 h-px-2 v-inner-lg-0 v-inner-md-0 v-inner-2 style-204 style-local-222-c32 position-relative\">\n                        <!---->\n                        <!---->\n                        <div class=\"w-100 h-y-container h-column__content h-column__v-align flex-basis-100\">\n                          <!---->\n                        <\/div>\n                      <\/div>\n                    <\/div>\n                    <div class=\"h-column h-column-container d-flex h-col-lg-6 h-col-md-6 h-col-6 style-204-outer style-local-222-c33-outer\">\n                      <div data-colibri-id=\"222-c33\" class=\"d-flex h-flex-basis h-column__inner h-ui-empty-state-container h-px-lg-0 h-px-md-0 h-px-2 v-inner-lg-0 v-inner-md-0 v-inner-2 style-204 style-local-222-c33 position-relative\">\n                        <!---->\n                        <!---->\n                        <div class=\"w-100 h-y-container h-column__content h-column__v-align flex-basis-100\">\n                          <!---->\n                        <\/div>\n                      <\/div>\n                    <\/div>\n                  <\/div>\n                <\/div>\n              <\/div>\n            <\/div>\n          <\/div>\n        <\/div>\n      <\/div>\n    <\/div>\n  <\/div>\n  <div data-colibri-component=\"section\" data-colibri-id=\"222-c34\" id=\"reusable-sections\" class=\"h-section h-section-global-spacing d-flex align-items-lg-center align-items-md-center align-items-center style-207 style-local-222-c34 position-relative\">\n    <!---->\n    <!---->\n    <div class=\"h-section-grid-container h-section-fluid-container\">\n      <!---->\n      <div data-colibri-id=\"222-c35\" class=\"h-row-container gutters-row-lg-0 gutters-row-md-0 gutters-row-2 gutters-row-v-lg-0 gutters-row-v-md-0 gutters-row-v-2 style-208 style-local-222-c35 position-relative\">\n        <!---->\n        <div class=\"h-row justify-content-lg-center justify-content-md-center justify-content-center align-items-lg-stretch align-items-md-stretch align-items-stretch gutters-col-lg-0 gutters-col-md-0 gutters-col-2 gutters-col-v-lg-0 gutters-col-v-md-0 gutters-col-v-2\">\n          <!---->\n          <div class=\"h-column h-column-container d-flex h-col-lg-6 h-col-md-6 h-col-12 style-209-outer style-local-222-c36-outer\">\n            <div data-colibri-id=\"222-c36\" class=\"d-flex h-flex-basis h-column__inner h-px-lg-0 h-px-md-0 h-px-0 v-inner-lg-0 v-inner-md-0 v-inner-0 style-209 style-local-222-c36 position-relative\">\n              <!---->\n              <!---->\n              <div class=\"w-100 h-y-container h-column__content h-column__v-align flex-basis-100 align-self-lg-start align-self-md-start align-self-start\">\n                <!---->\n                <div data-colibri-id=\"222-c37\" class=\"h-global-transition-all h-heading style-210 style-local-222-c37 position-relative h-element\">\n                  <!---->\n                  <div class=\"h-heading__outer style-210 style-local-222-c37\">\n                    <!---->\n                    <!---->\n                    <h4 class=\"\"><\/h4>\n                  <\/div>\n                <\/div>\n                <div data-colibri-id=\"222-c38\" class=\"h-global-transition-all h-heading style-211 style-local-222-c38 position-relative h-element\">\n                  <!---->\n                  <div class=\"h-heading__outer style-211 style-local-222-c38\">\n                    <!---->\n                    <!---->\n                    <h2 class=\"\">Emmenbr\u00fccke, Zimmer 4<\/h2>\n                  <\/div>\n                <\/div>\n                <div data-colibri-id=\"222-c39\" class=\"h-text h-text-component style-212 style-local-222-c39 position-relative h-element\">\n                  <!---->\n                  <!---->\n                  <div class=\"\"><\/div>\n                <\/div>\n                <div data-colibri-id=\"222-c40\" class=\"h-row-container gutters-row-lg-2 gutters-row-md-2 gutters-row-0 gutters-row-v-lg-2 gutters-row-v-md-2 gutters-row-v-0 style-213 style-local-222-c40 position-relative\">\n                  <!---->\n                  <div class=\"h-row justify-content-lg-center justify-content-md-center justify-content-center align-items-lg-stretch align-items-md-stretch align-items-stretch gutters-col-lg-2 gutters-col-md-2 gutters-col-0 gutters-col-v-lg-2 gutters-col-v-md-2 gutters-col-v-0\">\n                    <!---->\n                    <div class=\"h-column h-column-container d-flex h-col-lg-6 h-col-md-6 h-col-6 style-214-outer style-local-222-c41-outer\">\n                      <div data-colibri-id=\"222-c41\" class=\"d-flex h-flex-basis h-column__inner h-px-lg-0 h-px-md-0 h-px-0 v-inner-lg-0 v-inner-md-0 v-inner-0 style-214 style-local-222-c41 position-relative\">\n                        <!---->\n                        <!---->\n                        <div class=\"w-100 h-y-container h-column__content h-column__v-align flex-basis-100 align-self-lg-start align-self-md-start align-self-start\">\n                          <!---->\n                          <div data-colibri-id=\"222-c42\" class=\"h-global-transition-all h-heading style-215 style-local-222-c42 position-relative h-element\">\n                            <!---->\n                            <div class=\"h-heading__outer style-215 style-local-222-c42\">\n                              <!---->\n                              <!---->\n                              <h5 class=\"\"><\/h5>\n                            <\/div>\n                          <\/div>\n                          <div data-colibri-id=\"222-c43\" class=\"h-text h-text-component style-216 style-local-222-c43 position-relative h-element\">\n                            <!---->\n                            <!---->\n                            <div class=\"\"><\/div>\n                          <\/div>\n                        <\/div>\n                      <\/div>\n                    <\/div>\n                    <div class=\"h-column h-column-container d-flex h-col-lg-6 h-col-md-6 h-col-6 style-214-outer style-local-222-c44-outer\">\n                      <div data-colibri-id=\"222-c44\" class=\"d-flex h-flex-basis h-column__inner h-px-lg-0 h-px-md-0 h-px-0 v-inner-lg-0 v-inner-md-0 v-inner-0 style-214 style-local-222-c44 position-relative\">\n                        <!---->\n                        <!---->\n                        <div class=\"w-100 h-y-container h-column__content h-column__v-align flex-basis-100 align-self-lg-start align-self-md-start align-self-start\">\n                          <!---->\n                          <div data-colibri-id=\"222-c45\" class=\"h-global-transition-all h-heading style-215 style-local-222-c45 position-relative h-element\">\n                            <!---->\n                            <div class=\"h-heading__outer style-215 style-local-222-c45\">\n                              <!---->\n                              <!---->\n                              <h5 class=\"\"><\/h5>\n                            <\/div>\n                          <\/div>\n                          <div data-colibri-id=\"222-c46\" class=\"h-text h-text-component style-216 style-local-222-c46 position-relative h-element\">\n                            <!---->\n                            <!---->\n                            <div class=\"\"><\/div>\n                          <\/div>\n                        <\/div>\n                      <\/div>\n                    <\/div>\n                    <div class=\"h-column h-column-container d-flex h-col-lg-6 h-col-md-6 h-col-6 style-214-outer style-local-222-c47-outer\">\n                      <div data-colibri-id=\"222-c47\" class=\"d-flex h-flex-basis h-column__inner h-ui-empty-state-container h-px-lg-0 h-px-md-0 h-px-0 v-inner-lg-0 v-inner-md-0 v-inner-0 style-214 style-local-222-c47 position-relative\">\n                        <!---->\n                        <!---->\n                        <div class=\"w-100 h-y-container h-column__content h-column__v-align flex-basis-100\">\n                          <!---->\n                        <\/div>\n                      <\/div>\n                    <\/div>\n                    <div class=\"h-column h-column-container d-flex h-col-lg-6 h-col-md-6 h-col-6 style-214-outer style-local-222-c48-outer\">\n                      <div data-colibri-id=\"222-c48\" class=\"d-flex h-flex-basis h-column__inner h-ui-empty-state-container h-px-lg-0 h-px-md-0 h-px-0 v-inner-lg-0 v-inner-md-0 v-inner-0 style-214 style-local-222-c48 position-relative\">\n                        <!---->\n                        <!---->\n                        <div class=\"w-100 h-y-container h-column__content h-column__v-align flex-basis-100\">\n                          <!---->\n                        <\/div>\n                      <\/div>\n                    <\/div>\n                  <\/div>\n                <\/div>\n              <\/div>\n            <\/div>\n          <\/div>\n          <div class=\"h-column h-column-container d-flex h-col-lg-6 h-col-md-6 h-col-12 style-217-outer style-local-222-c49-outer\">\n            <div data-colibri-id=\"222-c49\" class=\"d-flex h-flex-basis h-column__inner h-ui-empty-state-container h-px-lg-0 h-px-md-0 h-px-0 v-inner-lg-0 v-inner-md-0 v-inner-0 style-217 style-local-222-c49 position-relative\">\n              <!---->\n              <!---->\n              <div class=\"w-100 h-y-container h-column__content h-column__v-align flex-basis-100\">\n                <!---->\n              <\/div>\n            <\/div>\n          <\/div>\n        <\/div>\n      <\/div>\n    <\/div>\n  <\/div>\n<\/div>","protected":false},"excerpt":{"rendered":"<p>Emmenbr\u00fccke, Zimmer 2 Emmenbr\u00fccke, Zimmer 3 Emmenbr\u00fccke, Zimmer 4 [&hellip;]<\/p>\n","protected":false},"author":1,"featured_media":0,"parent":0,"menu_order":0,"comment_status":"closed","ping_status":"closed","template":"page-templates\/full-width-page.php","meta":{"footnotes":""},"class_list":["post-222","page","type-page","status-publish","hentry"],"_links":{"self":[{"href":"https:\/\/zirkum.ch\/index.php?rest_route=\/wp\/v2\/pages\/222","targetHints":{"allow":["GET"]}}],"collection":[{"href":"https:\/\/zirkum.ch\/index.php?rest_route=\/wp\/v2\/pages"}],"about":[{"href":"https:\/\/zirkum.ch\/index.php?rest_route=\/wp\/v2\/types\/page"}],"author":[{"embeddable":true,"href":"https:\/\/zirkum.ch\/index.php?rest_route=\/wp\/v2\/users\/1"}],"replies":[{"embeddable":true,"href":"https:\/\/zirkum.ch\/index.php?rest_route=%2Fwp%2Fv2%2Fcomments&post=222"}],"version-history":[{"count":10,"href":"https:\/\/zirkum.ch\/index.php?rest_route=\/wp\/v2\/pages\/222\/revisions"}],"predecessor-version":[{"id":512,"href":"https:\/\/zirkum.ch\/index.php?rest_route=\/wp\/v2\/pages\/222\/revisions\/512"}],"wp:attachment":[{"href":"https:\/\/zirkum.ch\/index.php?rest_route=%2Fwp%2Fv2%2Fmedia&parent=222"}],"curies":[{"name":"wp","href":"https:\/\/api.w.org\/{rel}","templated":true}]}}